{"version":"1.0","provider_name":"Diario Digital Femenino","provider_url":"https:\/\/diariofemenino.com.ar\/df","author_name":"Admin","author_url":"https:\/\/diariofemenino.com.ar\/df\/author\/adm18df\/","title":"Medios de comunicaci\u00f3n fomentan violencia de g\u00e9nero - Diario Digital Femenino","type":"rich","width":600,"height":338,"html":"<blockquote class=\"wp-embedded-content\" data-secret=\"UpbXjEuyK6\"><a href=\"https:\/\/diariofemenino.com.ar\/df\/medios-de-comunicacion-fomentan-violencia-de-genero\/\">Medios de comunicaci\u00f3n fomentan violencia de g\u00e9nero<\/a><\/blockquote><iframe sandbox=\"allow-scripts\" security=\"restricted\" src=\"https:\/\/diariofemenino.com.ar\/df\/medios-de-comunicacion-fomentan-violencia-de-genero\/embed\/#?secret=UpbXjEuyK6\" width=\"600\" height=\"338\" title=\"\u00abMedios de comunicaci\u00f3n fomentan violencia de g\u00e9nero\u00bb \u2014 Diario Digital Femenino\" data-secret=\"UpbXjEuyK6\" frameborder=\"0\" marginwidth=\"0\" marginheight=\"0\" scrolling=\"no\" class=\"wp-embedded-content\"><\/iframe><script type=\"text\/javascript\">\n\/* <![CDATA[ *\/\n\/*! This file is auto-generated *\/\n!function(d,l){\"use strict\";l.querySelector&&d.addEventListener&&\"undefined\"!=typeof URL&&(d.wp=d.wp||{},d.wp.receiveEmbedMessage||(d.wp.receiveEmbedMessage=function(e){var t=e.data;if((t||t.secret||t.message||t.value)&&!\/[^a-zA-Z0-9]\/.test(t.secret)){for(var s,r,n,a=l.querySelectorAll('iframe[data-secret=\"'+t.secret+'\"]'),o=l.querySelectorAll('blockquote[data-secret=\"'+t.secret+'\"]'),c=new RegExp(\"^https?:$\",\"i\"),i=0;i<o.length;i++)o[i].style.display=\"none\";for(i=0;i<a.length;i++)s=a[i],e.source===s.contentWindow&&(s.removeAttribute(\"style\"),\"height\"===t.message?(1e3<(r=parseInt(t.value,10))?r=1e3:~~r<200&&(r=200),s.height=r):\"link\"===t.message&&(r=new URL(s.getAttribute(\"src\")),n=new URL(t.value),c.test(n.protocol))&&n.host===r.host&&l.activeElement===s&&(d.top.location.href=t.value))}},d.addEventListener(\"message\",d.wp.receiveEmbedMessage,!1),l.addEventListener(\"DOMContentLoaded\",function(){for(var e,t,s=l.querySelectorAll(\"iframe.wp-embedded-content\"),r=0;r<s.length;r++)(t=(e=s[r]).getAttribute(\"data-secret\"))||(t=Math.random().toString(36).substring(2,12),e.src+=\"#?secret=\"+t,e.setAttribute(\"data-secret\",t)),e.contentWindow.postMessage({message:\"ready\",secret:t},\"*\")},!1)))}(window,document);\n\/\/# sourceURL=https:\/\/diariofemenino.com.ar\/df\/wp-includes\/js\/wp-embed.min.js\n\/* ]]> *\/\n<\/script>\n","description":"&nbsp; &nbsp; Presentan documental \u00bfA poco est\u00e1 tan buena? En el evento Ana Buquet, coordinadora del Programa de Equidad de G\u00e9nero de la UNAM, explic\u00f3 que la insistencia de los medios de comunicaci\u00f3n en repetir los estereotipos y emitir juicios morales sobre el comportamiento de las mujeres responde a que no se han dado cuenta [&hellip;]","thumbnail_url":"http:\/\/www.diariofemenino.com.ar\/wp-content\/uploads\/estabuena.jpg"}

Medios de comunicación fomentan violencia de género - Diario Digital Femenino

<blockquote class="wp-embedded-content" data-secret="UpbXjEuyK6"><a href="https://diariofemenino.com.ar/df/medios-de-comunicacion-fomentan-violencia-de-genero/">Medios de comunicación fomentan violencia de género</a></blockquote><iframe sandbox="allow-scripts" security="restricted" src="https://diariofemenino.com.ar/df/medios-de-comunicacion-fomentan-violencia-de-genero/embed/#?secret=UpbXjEuyK6" width="600" height="338" title="«Medios de comunicación fomentan violencia de género» — Diario Digital Femenino" data-secret="UpbXjEuyK6" frameborder="0" marginwidth="0" marginheight="0" scrolling="no" class="wp-embedded-content"></iframe><script type="text/javascript">
/* <![CDATA[ */
/*! This file is auto-generated */
!function(d,l){"use strict";l.querySelector&&d.addEventListener&&"undefined"!=typeof URL&&(d.wp=d.wp||{},d.wp.receiveEmbedMessage||(d.wp.receiveEmbedMessage=function(e){var t=e.data;if((t||t.secret||t.message||t.value)&&!/[^a-zA-Z0-9]/.test(t.secret)){for(var s,r,n,a=l.querySelectorAll('iframe[data-secret="'+t.secret+'"]'),o=l.querySelectorAll('blockquote[data-secret="'+t.secret+'"]'),c=new RegExp("^https?:$","i"),i=0;i<o.length;i++)o[i].style.display="none";for(i=0;i<a.length;i++)s=a[i],e.source===s.contentWindow&&(s.removeAttribute("style"),"height"===t.message?(1e3<(r=parseInt(t.value,10))?r=1e3:~~r<200&&(r=200),s.height=r):"link"===t.message&&(r=new URL(s.getAttribute("src")),n=new URL(t.value),c.test(n.protocol))&&n.host===r.host&&l.activeElement===s&&(d.top.location.href=t.value))}},d.addEventListener("message",d.wp.receiveEmbedMessage,!1),l.addEventListener("DOMContentLoaded",function(){for(var e,t,s=l.querySelectorAll("iframe.wp-embedded-content"),r=0;r<s.length;r++)(t=(e=s[r]).getAttribute("data-secret"))||(t=Math.random().toString(36).substring(2,12),e.src+="#?secret="+t,e.setAttribute("data-secret",t)),e.contentWindow.postMessage({message:"ready",secret:t},"*")},!1)))}(window,document);
//# sourceURL=https://diariofemenino.com.ar/df/wp-includes/js/wp-embed.min.js
/* ]]> */
</script>

&nbsp; &nbsp; Presentan documental ¿A poco está tan buena? En el evento Ana Buquet, coordinadora del Programa de Equidad de Género de la UNAM, explicó que la insistencia de los medios de comunicación en repetir los estereotipos y emitir juicios morales sobre el comportamiento de las mujeres responde a que no se han dado cuenta [&hellip;]
