{"version":"1.0","provider_name":"Diario Digital Femenino","provider_url":"https:\/\/diariofemenino.com.ar\/df","author_name":"Admin","author_url":"https:\/\/diariofemenino.com.ar\/df\/author\/adm18df\/","title":"Femicidio, lucha y reforma - Diario Digital Femenino","type":"rich","width":600,"height":338,"html":"<blockquote class=\"wp-embedded-content\" data-secret=\"YkZzZkk0D2\"><a href=\"https:\/\/diariofemenino.com.ar\/df\/femicidio-lucha-y-reforma\/\">Femicidio, lucha y reforma<\/a><\/blockquote><iframe sandbox=\"allow-scripts\" security=\"restricted\" src=\"https:\/\/diariofemenino.com.ar\/df\/femicidio-lucha-y-reforma\/embed\/#?secret=YkZzZkk0D2\" width=\"600\" height=\"338\" title=\"\u00abFemicidio, lucha y reforma\u00bb \u2014 Diario Digital Femenino\" data-secret=\"YkZzZkk0D2\" frameborder=\"0\" marginwidth=\"0\" marginheight=\"0\" scrolling=\"no\" class=\"wp-embedded-content\"><\/iframe><script type=\"text\/javascript\">\n\/* <![CDATA[ *\/\n\/*! This file is auto-generated *\/\n!function(d,l){\"use strict\";l.querySelector&&d.addEventListener&&\"undefined\"!=typeof URL&&(d.wp=d.wp||{},d.wp.receiveEmbedMessage||(d.wp.receiveEmbedMessage=function(e){var t=e.data;if((t||t.secret||t.message||t.value)&&!\/[^a-zA-Z0-9]\/.test(t.secret)){for(var s,r,n,a=l.querySelectorAll('iframe[data-secret=\"'+t.secret+'\"]'),o=l.querySelectorAll('blockquote[data-secret=\"'+t.secret+'\"]'),c=new RegExp(\"^https?:$\",\"i\"),i=0;i<o.length;i++)o[i].style.display=\"none\";for(i=0;i<a.length;i++)s=a[i],e.source===s.contentWindow&&(s.removeAttribute(\"style\"),\"height\"===t.message?(1e3<(r=parseInt(t.value,10))?r=1e3:~~r<200&&(r=200),s.height=r):\"link\"===t.message&&(r=new URL(s.getAttribute(\"src\")),n=new URL(t.value),c.test(n.protocol))&&n.host===r.host&&l.activeElement===s&&(d.top.location.href=t.value))}},d.addEventListener(\"message\",d.wp.receiveEmbedMessage,!1),l.addEventListener(\"DOMContentLoaded\",function(){for(var e,t,s=l.querySelectorAll(\"iframe.wp-embedded-content\"),r=0;r<s.length;r++)(t=(e=s[r]).getAttribute(\"data-secret\"))||(t=Math.random().toString(36).substring(2,12),e.src+=\"#?secret=\"+t,e.setAttribute(\"data-secret\",t)),e.contentWindow.postMessage({message:\"ready\",secret:t},\"*\")},!1)))}(window,document);\n\/\/# sourceURL=https:\/\/diariofemenino.com.ar\/df\/wp-includes\/js\/wp-embed.min.js\n\/* ]]> *\/\n<\/script>\n","description":"ROCA (AR).- Unas 70 personas, principalmente estudiantes y familiares de v\u00edctimas, participaron\u00a0 de una charla sobre femicidio en la Fadecs. Sandra Ferreira relat\u00f3 c\u00f3mo convirti\u00f3 el dolor por el asesinato de su hija, Micaela Rechini, en fortaleza para encarar una lucha que termin\u00f3 con una condena ejemplar para su pareja, Hern\u00e1n Cortez, de Rinc\u00f3n de [&hellip;]","thumbnail_url":"http:\/\/www.diariofemenino.com.ar\/wp-content\/uploads\/rionegro.jpg"}

ROCA (AR).- Unas 70 personas, principalmente estudiantes y familiares de víctimas, participaron  de una charla sobre femicidio en la Fadecs. Sandra Ferreira relató cómo convirtió el dolor por el asesinato de su hija, Micaela Rechini, en fortaleza para encarar una lucha que terminó con una condena ejemplar para su pareja, Hernán Cortez, de Rincón de [&hellip;]
