{"version":"1.0","provider_name":"Diario Digital Femenino","provider_url":"https:\/\/diariofemenino.com.ar\/df","author_name":"Admin","author_url":"https:\/\/diariofemenino.com.ar\/df\/author\/sofiperez\/","title":"A juicio por impedir un aborto legal - Diario Digital Femenino","type":"rich","width":600,"height":338,"html":"<blockquote class=\"wp-embedded-content\" data-secret=\"WpbXe5wGlU\"><a href=\"https:\/\/diariofemenino.com.ar\/df\/a-juicio-por-impedir-un-aborto-legal\/\">A juicio por impedir un aborto legal<\/a><\/blockquote><iframe sandbox=\"allow-scripts\" security=\"restricted\" src=\"https:\/\/diariofemenino.com.ar\/df\/a-juicio-por-impedir-un-aborto-legal\/embed\/#?secret=WpbXe5wGlU\" width=\"600\" height=\"338\" title=\"\u00abA juicio por impedir un aborto legal\u00bb \u2014 Diario Digital Femenino\" data-secret=\"WpbXe5wGlU\" frameborder=\"0\" marginwidth=\"0\" marginheight=\"0\" scrolling=\"no\" class=\"wp-embedded-content\"><\/iframe><script type=\"text\/javascript\">\n\/* <![CDATA[ *\/\n\/*! This file is auto-generated *\/\n!function(d,l){\"use strict\";l.querySelector&&d.addEventListener&&\"undefined\"!=typeof URL&&(d.wp=d.wp||{},d.wp.receiveEmbedMessage||(d.wp.receiveEmbedMessage=function(e){var t=e.data;if((t||t.secret||t.message||t.value)&&!\/[^a-zA-Z0-9]\/.test(t.secret)){for(var s,r,n,a=l.querySelectorAll('iframe[data-secret=\"'+t.secret+'\"]'),o=l.querySelectorAll('blockquote[data-secret=\"'+t.secret+'\"]'),c=new RegExp(\"^https?:$\",\"i\"),i=0;i<o.length;i++)o[i].style.display=\"none\";for(i=0;i<a.length;i++)s=a[i],e.source===s.contentWindow&&(s.removeAttribute(\"style\"),\"height\"===t.message?(1e3<(r=parseInt(t.value,10))?r=1e3:~~r<200&&(r=200),s.height=r):\"link\"===t.message&&(r=new URL(s.getAttribute(\"src\")),n=new URL(t.value),c.test(n.protocol))&&n.host===r.host&&l.activeElement===s&&(d.top.location.href=t.value))}},d.addEventListener(\"message\",d.wp.receiveEmbedMessage,!1),l.addEventListener(\"DOMContentLoaded\",function(){for(var e,t,s=l.querySelectorAll(\"iframe.wp-embedded-content\"),r=0;r<s.length;r++)(t=(e=s[r]).getAttribute(\"data-secret\"))||(t=Math.random().toString(36).substring(2,12),e.src+=\"#?secret=\"+t,e.setAttribute(\"data-secret\",t)),e.contentWindow.postMessage({message:\"ready\",secret:t},\"*\")},!1)))}(window,document);\n\/\/# sourceURL=https:\/\/diariofemenino.com.ar\/df\/wp-includes\/js\/wp-embed.min.js\n\/* ]]> *\/\n<\/script>\n","thumbnail_url":"https:\/\/diariofemenino.com.ar\/df\/wp-content\/uploads\/2018\/10\/medico-antiaborto-1.jpg","thumbnail_width":840,"thumbnail_height":600,"description":"Una paciente lleg\u00f3 al hospital de Cipolletti con un aborto en curso. Hab\u00eda sido v\u00edctima de una violaci\u00f3n y ten\u00eda derecho a que se le practicara una interrupci\u00f3n legal del embarazo. El jefe del equipo de ginecolog\u00eda, Leandro Javier Rodriguez Lastra, un conocido militante antiabortista, no s\u00f3lo no acompa\u00f1\u00f3 la decisi\u00f3n de la paciente como [&hellip;]"}

Una paciente llegó al hospital de Cipolletti con un aborto en curso. Había sido víctima de una violación y tenía derecho a que se le practicara una interrupción legal del embarazo. El jefe del equipo de ginecología, Leandro Javier Rodriguez Lastra, un conocido militante antiabortista, no sólo no acompañó la decisión de la paciente como [&hellip;]
